of b?
1
Let j = 238 - 168. What is the units digit of j?
0
Suppose d + 0*d = -4*b + 63, d - 59 = -3*b. Suppose 2*z - 3*g = d, -2*g + 22 - 2 = z. Let v = z - 16. What is the units digit of v?
6
Let v(b) = 158*b**2 + b + 1. What is the units digit of v(-1)?
8
Suppose -696 = 2*j - 5*j. What is the hundreds digit of j?
2
Let n = 1 + 2. Let b = 1 + 1. Suppose n*g - 6 = b*g. What is the units digit of g?
6
Suppose 5*h + 5*x + 20 = 0, 4*h = -5*x - 18 - 3. Let s be (10/(-6))/(h/18). What is the units digit of 18/5*s/(-9)?
2
Suppose 2*u - u - 37 = 0. What is the units digit of u?
7
What is the hundreds digit of (4 - (-4 + -147)) + 5?
1
Let u(l) = -6*l. Let c be u(1). Let r = 11 + c. What is the units digit of -1 + 1 - (-15)/r?
3
Let z(s) = s + 45. Let g be z(0). Suppose -3*j + t + 27 = -0*t, -t = -5*j + g. What is the units digit of j?
9
Suppose -3*r - 2*j = -10, 0 = -2*r - 4*j + 6*j. Suppose -3*w = r*w - 170. What is the units digit of w?
4
Suppose t - 23 = -4*t + 2*c, 0 = 4*t + 4*c + 4. Suppose 2*l = -2*l + t*w - 1, -20 = -4*l - 4*w. Suppose 0 = s - l - 0. What is the units digit of s?
2
What is the tens digit of 1*6*184/24?
4
Let g(v) = 5*v + 5. What is the units digit of g(3)?
0
Let n(o) be the third derivative of o**5/20 + 5*o**4/24 + 2*o**3/3 + 15*o**2. Suppose -d = -3*i - 0*i - 6, i + 2*d = -9. What is the tens digit of n(i)?
1
Let a be 3 + -3 - (-564)/2. Suppose -3*z + a = 30. Suppose -z = -10*k + 5*k + 2*m, -4*m = -4*k + 60. What is the tens digit of k?
1
Let k = -3 - -7. Let p be (k/5)/((-1)/(-5)). Suppose 1 = z, -p*c + 3*z = -c - 9. What is the units digit of c?
4
Let a(p) = 2*p**3 + p. Let j be 2/(-9) + 76/18. Suppose j*m + 3*i + 5 = -0, -5*m - 10 = 5*i. What is the units digit of a(m)?
3
Let k = -11 + 52. Let j = 82 - k. What is the units digit of j?
1
Let y be (-6)/33 + 422/22. Suppose -2*c = -3*c + y. What is the tens digit of c?
1
Suppose -4*p = -2*p - 20. Suppose 4*j - 19 = -y, -2*j = -j - 5*y - p. Suppose j*u - 76 = -1. What is the units digit of u?
5
Let l be (6/18)/(2/66). Suppose l*u - 6*u - 3 = -2*t, -3*u + 4 = -t. What is the units digit of u?
1
What is the tens digit of 17 - (0 + -2 + -1)?
2
Suppose -j = -5*j + 2*o + 86, 4*j - o - 91 = 0. Let s be (-2)/8 + 6/j. Suppose s = -0*g - 3*g + 24. What is the units digit of g?
8
Let a(g) be the second derivative of -g**4/12 - 5*g**3/3 + g**2/2 + g. What is the tens digit of a(-9)?
1
Let s(d) be the second derivative of d**5/20 + d**4/3 - d**3/3 - 3*d**2/2 + 4*d. Suppose 2*j = 5*j + 12. What is the units digit of s(j)?
5
What is the units digit of ((-14)/4)/7*-28?
4
Suppose 4*b - 2*b + 2*k - 6 = 0, b + 1 = 3*k. Suppose -54 = -b*p - p. What is the tens digit of p?
1
Let z be (-3)/2*(0 - 2). Suppose -3 - 19 = -i + 3*t, 5*t = z*i - 70. What is the tens digit of i?
2
Let d be -1*((-6)/(-1))/(-3). Suppose d*b - 2*v + 5*v = 41, 4*b - 75 = v. What is the tens digit of b?
1
Suppose 5*v + 15 = -l, 5*v + 14 = -2*l - 1. Suppose -2*g + 6*g - 144 = l. What is the units digit of g?
6
Let t(g) = -3*g**3 - 14*g**2 + 9*g + 10. Let m(v) = 7*v**3 + 29*v**2 - 17*v - 21. Let p(o) = 2*m(o) + 5*t(o). What is the units digit of p(-13)?
4
Suppose -7 + 73 = 2*d. What is the units digit of d?
3
Let c(b) = -b**2 - b. Let z(g) = 3*g**2 + 11*g + 7. Let f(k) = -5*c(k) - z(k). What is the tens digit of f(5)?
1
Let b(q) = q**3 + q**2 - q + 2. What is the tens digit of b(2)?
1
Suppose 4 = g - r, 4*r + 3 = -5*g + 23. Let s(m) = -m**3 + 5*m**2 + 7*m - 6. What is the units digit of s(g)?
8
Let a(v) = -6*v + 6. What is the units digit of a(-3)?
4
Suppose -327 = -4*i + 165. Suppose -3*q - 3*k = -i, 5*k - 159 = -4*q - 0*k. Suppose 3*u + 4*s = 8*u - 53, -4*u + 5*s = -q. What is the units digit of u?
9
Suppose 0 = 3*g - r - 8, 5*r + 11 = 5*g + r. Let v = g - 1. Suppose -v*k = -h + 3 + 3, 2*k = -4*h + 34. What is the units digit of h?
8
Let m be 9/(-2)*(-4)/6. Let u(n) = 2*n**3 - 2*n**2 - 4*n + 4. What is the units digit of u(m)?
8
Let s(n) = -18*n. Suppose v - 2*v - 1 = 0. Let f be s(v). Let j = f - 13. What is the units digit of j?
5
Let j = 1 - 2. What is the units digit of (-3 - j)/(1/(-8))?
6
Let j = 132 - 79. What is the tens digit of j?
5
Suppose -3*z = -5*p - 5*z + 5, 2*p + 19 = -5*z. Suppose -51 = -p*i - 4*q, -4*q + 68 = -i + 5*i. What is the units digit of i?
7
Suppose -y - 5 = 0, 0*j - 47 = 3*j + 4*y. Let w be (-6)/j*-3*-1. Suppose 55 = w*q + 3*q. What is the units digit of q?
1
Let x(n) = n**3 + 9*n**2 - 22. What is the tens digit of x(-7)?
7
Suppose 2*f - d = 293, -5*f + 28 = d - 687. What is the hundreds digit of f?
1
Let u(t) = 4*t + 4. Let l be u(4). What is the tens digit of (9/6)/(2/l)?
1
Let i be (1 - 0)*3*1. Suppose 0 = 4*m - 2*m - 24. Suppose v = -i*v + m. What is the units digit of v?
3
Let b = -5 + 5. Let c = b - -2. Suppose f + 2 = c*f. What is the units digit of f?
2
What is the hundreds digit of ((-3 - -9) + -4)/((-6)/(-639))?
2
Let m be (-20)/(-2)*(-1)/(-2). Suppose 4*p - 4 = 3*o, m*p = -0*o + o - 6. What is the units digit of (24/2)/((-6)/o)?
8
Suppose 0*o + 248 = 4*o. Suppose -3*d = -d - o. What is the units digit of d?
1
Let o(m) = m**3 - m**2 + 4*m - 1. What is the units digit of o(2)?
1
Let w be 1*(2 - (-2 - 1)). Let v(p) = p - 3. Let q be v(w). Suppose 2*c = -q*s + 20, -c = -4*c + s + 30. What is the units digit of c?
0
Let t = -5 - -10. Suppose -4*v = -t*v + 11. What is the units digit of v?
1
Let s(i) = 2*i**2 + 6*i + 7. Let b be s(-7). Let o = b + -40. What is the tens digit of o?
2
What is the tens digit of 3*(-11)/3*-5?
5
Suppose u = -3*j + 30, 0 = -j + 1 + 2. What is the tens digit of u?
2
Suppose -4*z + 44 = -0. What is the units digit of z?
1
Suppose 2*y = -3*y. What is the units digit of -2 - -4 - (0 + y)?
2
Let i(n) = -3*n**2 + 4*n + 7. Suppose 7*q - 10 = 2*q. Let v(a) = 16*a**2 - 19*a - 36. Let u(j) = q*v(j) + 11*i(j). What is the units digit of u(6)?
5
Let s = 12 + -24. Let k = 22 + s. What is the tens digit of k?
1
Suppose 5*m + g - 10 = -0*m, -3*m + 3*g = -6. Suppose 3*x + 0*x + 15 = 2*i, -m*i - x = 5. Let y(f) = -f**2 - f + 5. What is the units digit of y(i)?
5
Suppose 5*n = 4*d - 35, -4*n = n + 15. Suppose -5 = -d*h + 5. Suppose -2 = -z + u + 6, 12 = 2*z + h*u. What is the units digit of z?
7
Let m(r) = -r - 1. Let l(g) = -g. Let y(x) = l(x) + 3*m(x). What is the units digit of y(-2)?
5
Let g be 6 - 1/(-1 - -2). Suppose 0 = 3*y - 3*c - 3, 3*c + g = 5*y - c. Let a = y - -1. What is the units digit of a?
2
Suppose r - 138 = -0. What is the units digit of r?
8
Suppose -p + 6*p = 5. Suppose -4*d - 5 = 5*i - 94, -5*d + 4*i + 60 = 0. Suppose -o + d = -p. What is the units digit of o?
7
Let h = 59 - 36. Suppose 0 = -2*u - 2*u + l + 125, h = u - 3*l. What is the units digit of u?
2
What is the units digit of 3*(1 + 45)/2?
9
Let m be 4/(-14) - (-30)/7. Suppose -m*c + 0*c + 12 = 0. Let t = 7 - c. What is the units digit of t?
4
Let h(p) = -2*p**2 + 5*p + 3*p**2 - 2*p**2 + 8. Let i be h(6). Suppose g + 2 = r, -g = i*r - 6*r + 20. What is the units digit of r?
6
Suppose -2*g - 4 = -2. What is the units digit of g/2*-2*25?
5
Suppose 2*w - 225 = -3*w. Suppose -q = -2*q + 5. Suppose -4*j = -5*j + 4*p - 9, -q*j + 2*p = -w. What is the tens digit of j?
1
Suppose 2*z + 3*z + 4*s = -14, 3*z - s + 22 = 0. Let p = z + 12. Suppose -5*h - 3*f + 66 = 0, 2*f + 48 = 4*h + p*f. What is the tens digit of h?
1
Let a(v) = v**3 - 6*v**2 + 2*v + 13. What is the units digit of a(6)?
5
Let c(f) = 4*f**2 - f. Let z be c(-1). Suppose -5*x + z = -0*x. What is the units digit of -2*x*(-14)/4?
7
Let x(t) = 3*t**2 + 10*t + 9. What is the tens digit of x(-4)?
1
Suppose -4*y = -4*d + 2*d - 26, y + 3*d = 24. What is the units digit of y?
9
Let v(h) = -h**3 - 2*h**2 - 2. Let f be v(-3). Suppose 0 = 9*x - 6*x + 18. Let k = f + x. What is the units digit of k?
1
Let w(j) = -j. Suppose -5*h + 2*u + 0*u - 115 = 0, -3*h = 3*u + 48. Let i = h - -14. What is the units digit of w(i)?
7
Suppose 4*z + 0*i - 339 = -i, 5*i = 4*z - 369. What is the units digit of z?
6
Let s(y) = -y**2 - 8*y - 3. Let z be s(-6). Let t = 19 - z. Suppose k + t = 3*k. What is the units digit of k?
5
Let r = -14 + 18. What is the units digit of (4 - r) + 46 - 3?
3
Let l(f) be the second derivative of 0 + 3*f + 4*f**2 - 1/6*f**3 + 1/12*f**4. What is the u